{"version":"1.0","provider_name":"Ticci konyha - Ticci szak\u00e1csk\u00f6nyve","provider_url":"https:\/\/ticcikonyha.cafeblog.hu","author_name":"Bern\u00e1t Iv\u00e1n","author_url":"https:\/\/ticcikonyha.cafeblog.hu\/author\/bernat_iva\/","title":"Babapisk\u00f3t\u00e1s s\u00fcti","html":"<h2><b>Babapisk\u00f3t\u00e1s s\u00fcti<\/b><\/h2>\r\n<b>Hozz\u00e1val\u00f3k:<\/b>\r\n\r\nA t\u00e9szt\u00e1hoz:\r\n<ul>\r\n\t<li>2 ev\u0151kan\u00e1l kaka\u00f3por<\/li>\r\n\t<li>2 eg\u00e9sz toj\u00e1s<\/li>\r\n\t<li>2 ev\u0151kan\u00e1l m\u00e9z<\/li>\r\n\t<li>20 dkg cukor<\/li>\r\n\t<li>5 dkg margarin<\/li>\r\n\t<li>40 dkg liszt<\/li>\r\n\t<li>2 mokk\u00e1skan\u00e1l sz\u00f3dabikarb\u00f3na<\/li>\r\n<\/ul>\r\nA kr\u00e9mhez:\r\n<ul>\r\n\t<li>25 dkg vaj<\/li>\r\n\t<li>25 dkg porcukor<\/li>\r\n\t<li>2 csomag van\u00edli\u00e1s cukor<\/li>\r\n\t<li>f\u00e9l liter tej<\/li>\r\n\t<li>6 p\u00fapozott ev\u0151kan\u00e1l r\u00e9tesliszt<\/li>\r\n\t<li>2 csomag babapisk\u00f3ta<\/li>\r\n\t<li>2 dl rum<\/li>\r\n<\/ul>\r\n<b>Elk\u00e9sz\u00edt\u00e9se:<\/b>\r\n<p style=\"text-align: justify\">A t\u00e9szt\u00e1hoz val\u00f3kat - a liszt \u00e9s a sz\u00f3dabikarb\u00f3na kiv\u00e9tel\u00e9vel -, g\u0151z f\u00f6l\u00f6tt 5 percig kevergetj\u00fck. A sz\u00f3dabikarb\u00f3n\u00e1t a liszthez adjuk, majd \u00f6sszedolgozzuk a t\u00f6bbi hozz\u00e1val\u00f3val. Sim\u00e1ra gy\u00farjuk, majd k\u00e9t nagy tepsi nagys\u00e1g\u00fa lapot ny\u00fajtunk bel\u0151le. S\u00fct\u0151pap\u00edrral b\u00e9lelt tepsiben, el\u0151meleg\u00edtett s\u00fct\u0151ben, k\u00f6zepes t\u0171zn\u00e9l egyenk\u00e9nt megs\u00fctj\u00fck.<\/p>\r\n<p style=\"text-align: justify\">A tejet a van\u00edli\u00e1s cukrokkal \u00e9s a liszttel s\u0171r\u0171re f\u0151zz\u00fck. A vajat a cukorral habosra keverj\u00fck, majd kanalank\u00e9nt hozz\u00e1adjuk a kih\u0171lt tejes massz\u00e1t. Az egyik t\u00e9sztalapot megkenj\u00fck a kr\u00e9m fel\u00e9vel, erre rumban megforgatott babapisk\u00f3t\u00e1kat helyez\u00fcnk.<\/p>\r\n<p style=\"text-align: justify\">R\u00e1tessz\u00fck a kr\u00e9m m\u00e1sik fel\u00e9vel megkent m\u00e1sodik t\u00e9sztalapot, kr\u00e9mes fel\u00e9vel lefel\u00e9. J\u00f3l lenyomatjuk \u00e9s legal\u00e1bb egy napig puhulni hagyjuk.<\/p>","type":"rich"}

Ticci konyha - Ticci szakácskönyve

Bernát Iván

Babapiskótás süti

<h2><b>Babapiskótás süti</b></h2>
<b>Hozzávalók:</b>

A tésztához:
<ul>
	<li>2 evőkanál kakaópor</li>
	<li>2 egész tojás</li>
	<li>2 evőkanál méz</li>
	<li>20 dkg cukor</li>
	<li>5 dkg margarin</li>
	<li>40 dkg liszt</li>
	<li>2 mokkáskanál szódabikarbóna</li>
</ul>
A krémhez:
<ul>
	<li>25 dkg vaj</li>
	<li>25 dkg porcukor</li>
	<li>2 csomag vaníliás cukor</li>
	<li>fél liter tej</li>
	<li>6 púpozott evőkanál rétesliszt</li>
	<li>2 csomag babapiskóta</li>
	<li>2 dl rum</li>
</ul>
<b>Elkészítése:</b>
<p style="text-align: justify">A tésztához valókat - a liszt és a szódabikarbóna kivételével -, gőz fölött 5 percig kevergetjük. A szódabikarbónát a liszthez adjuk, majd összedolgozzuk a többi hozzávalóval. Simára gyúrjuk, majd két nagy tepsi nagyságú lapot nyújtunk belőle. Sütőpapírral bélelt tepsiben, előmelegített sütőben, közepes tűznél egyenként megsütjük.</p>
<p style="text-align: justify">A tejet a vaníliás cukrokkal és a liszttel sűrűre főzzük. A vajat a cukorral habosra keverjük, majd kanalanként hozzáadjuk a kihűlt tejes masszát. Az egyik tésztalapot megkenjük a krém felével, erre rumban megforgatott babapiskótákat helyezünk.</p>
<p style="text-align: justify">Rátesszük a krém másik felével megkent második tésztalapot, krémes felével lefelé. Jól lenyomatjuk és legalább egy napig puhulni hagyjuk.</p>
