{"version":"1.0","provider_name":"Ticci konyha - Ticci szak\u00e1csk\u00f6nyve","provider_url":"https:\/\/ticcikonyha.cafeblog.hu","author_name":"Bern\u00e1t Iv\u00e1n","author_url":"https:\/\/ticcikonyha.cafeblog.hu\/author\/bernat_iva\/","title":"K\u00f6rtekomp\u00f3t","html":"<h2><b>K\u00f6rtekomp\u00f3t<\/b><\/h2>\r\n<b>Hozz\u00e1val\u00f3k:<\/b>\r\n<ul>\r\n\t<li>3 k\u00f6rte<\/li>\r\n\t<li>2 dl feh\u00e9rbor<\/li>\r\n\t<li>3 cl vilmosk\u00f6rte-p\u00e1linka<\/li>\r\n\t<li>5 dkg cukor<\/li>\r\n\t<li>2 r\u00fad van\u00edlia<\/li>\r\n\t<li>egy kis darab fah\u00e9jr\u00fad<\/li>\r\n<\/ul>\r\n<b>Elk\u00e9sz\u00edt\u00e9se:<\/b>\r\n<p style=\"text-align: justify\">Egy nappal a t\u00e1lal\u00e1s el\u0151tt k\u00e9sz\u00fcl a komp\u00f3t.<\/p>\r\n<p style=\"text-align: justify\"><b>Komp\u00f3t:<\/b><\/p>\r\n<p style=\"text-align: justify\">Ehhez h\u00e1rom k\u00f6rt\u00e9t megh\u00e1mozunk, kis kock\u00e1kra v\u00e1gjuk, ed\u00e9nybe tessz\u00fck. Felforralunk k\u00e9t deci feh\u00e9rbort egy stampedli vilmosk\u00f6rte-p\u00e1link\u00e1val, \u00f6t deka cukorral, k\u00e9t r\u00fad van\u00edli\u00e1val, egy kis darab fah\u00e9jr\u00faddal, \u00e9s le\u00f6ntj\u00fck vele a k\u00f6rt\u00e9t. Egy napig \u00e1llni hagyjuk.<\/p>","type":"rich"}

Ticci konyha - Ticci szakácskönyve

Bernát Iván

Körtekompót

<h2><b>Körtekompót</b></h2>
<b>Hozzávalók:</b>
<ul>
	<li>3 körte</li>
	<li>2 dl fehérbor</li>
	<li>3 cl vilmoskörte-pálinka</li>
	<li>5 dkg cukor</li>
	<li>2 rúd vanília</li>
	<li>egy kis darab fahéjrúd</li>
</ul>
<b>Elkészítése:</b>
<p style="text-align: justify">Egy nappal a tálalás előtt készül a kompót.</p>
<p style="text-align: justify"><b>Kompót:</b></p>
<p style="text-align: justify">Ehhez három körtét meghámozunk, kis kockákra vágjuk, edénybe tesszük. Felforralunk két deci fehérbort egy stampedli vilmoskörte-pálinkával, öt deka cukorral, két rúd vaníliával, egy kis darab fahéjrúddal, és leöntjük vele a körtét. Egy napig állni hagyjuk.</p>
